Let z(w) = -4*w + 17 + 6*w**2 + 5 + 7. Is z(9) a prime number?
True
Suppose 6*y = -3379 - 2273. Let a = y - -1349. Is a composite?
True
Suppose -j = 3*c + 32, -j + 3 = -0*j - 4*c. Let x = j - -20. Suppose 2*g - 110 = 2*y, -x*y - 224 = -4*g + 2*y. Is g a prime number?
False
Let o be (15/2)/(4/8). Let j be (-6)/o*20/1. Is (-4434)/(-10) - j/(-20) a composite number?
False
Let n be 100 - -3*4/(-6). Suppose -4*m + n = -250. Is m composite?
True
Let v(l) = -l**2 + 8*l + 3845. Is v(0) prime?
False
Let j = -9 - -12. Suppose 4*h - 7 = -j. Let p(v) = 294*v + 1. Is p(h) a prime number?
False
Suppose a = -3*a + 4, a + 1510 = g. Is g prime?
True
Suppose -28236 = -97*l + 93*l. Suppose 281 - l = -2*a. Is a composite?
False
Suppose -7*x = -14*x + 42910. Let a = x - 4061. Is a prime?
True
Suppose 3*w - 3*b = -7*b + 2807, -w + 4*b + 909 = 0. Suppose 4914 = 5*n + w. Is n prime?
True
Let n = 38429 + -19192. Is n prime?
True
Suppose -3*v - 44 + 6 = 2*b, 62 = -4*v + 3*b. Let y be (-796)/7 - (-4)/v. Is (-2 + 0)*y/12 a prime number?
True
Let q be ((-40)/12)/(((-8)/(-321))/4). Let g = 1056 + q. Is g composite?
False
Suppose 0 = 5*y + 4 - 24. Suppose 2*c + y*c = 1938. Is c a prime number?
False
Let z(w) = 1060*w - 241. Is z(3) a prime number?
True
Suppose -2*j + 2*k - 4*k = -8280, 9 = -3*k. Is j a prime number?
False
Let x = -40 + 48. Suppose -x*y + 23512 = -0*y. Is y prime?
True
Let w(l) = l + 3. Let b be w(-2). Let o be 5/10*6*b. Suppose 5*q = o*q + 206. Is q a prime number?
True
Suppose 0 = 12*d + 9487 - 28903. Is d a prime number?
False
Suppose -o + 4660 = 4*w, -2*w = -o - 2430 + 100. Is w a composite number?
True
Suppose 1680 = -c - a, -2*c + 6*c = -a - 6714. Let l be (-2)/9 + c/(-18). Suppose -6*p = -3*p - l. Is p prime?
True
Let u = -49 - -46. Is -3 - (u - 1 - 286) a composite number?
True
Let a be 5*(-124)/(-220) + 4/22. Suppose -933 = -a*p + 510. Is p prime?
False
Let z be ((-78)/(-4))/((-1)/(-2)). Suppose 94 = -3*s + 109. Suppose -s*c + c = 2*y - 136, -c = 3*y - z. Is c prime?
False
Let x = -5 - -11. Let k be 2/x*(-2 - -2). Suppose k*o - o = 2*c - 33, -3*o - 3*c + 105 = 0. Is o a prime number?
True
Let h(i) = 403*i**2 - 5*i + 10. Let k be h(3). Let p = k - 1419. Is p prime?
True
Let u(a) = 62*a - 63. Is u(16) composite?
False
Let g(p) = -p**3 - 13*p**2 + 16*p + 14. Let n be g(-10). Let d = 239 - n. Is d composite?
True
Suppose 0 = 27*h - 26*h + 1266. Let i = h + 1961. Is i prime?
False
Is (-6)/(48/(-241208)) - 6 prime?
False
Suppose -9*n = -6*n - 18. Suppose 48 = n*h - 2*h. Suppose -4*t = -16 - h. Is t composite?
False
Let r be (-456)/15*(-9 - 1). Let q = 179 - 9. Let p = r - q. Is p a composite number?
True
Let q = -51 + 63. Suppose -3*j + 1053 = q. Is j a composite number?
False
Suppose 0 = 4*w - 30124 + 8004. Let s = 7957 - w. Is s composite?
True
Is -39*1374/(-12) - (-3)/2 composite?
True
Let j(v) = -v - 24. Let r be j(-9). Is 3*(-2)/r - 3306/(-10) a prime number?
True
Let r = 24 - 8. Let w = r + 103. Is w a prime number?
False
Let z = -463 - -1629. Suppose z = 4*y - 510. Is y composite?
False
Suppose -t + 2 = 1, 195 = -n - 3*t. Let b = n + 1037. Is b prime?
True
Is (4*137894/(-12))/(175/(-525)) prime?
False
Suppose 13*v - 15*v + 5870 = 0. Is v prime?
False
Suppose 4*x + 87 - 1151 = -4*p, 4*p + 281 = x. Is x a prime number?
True
Let i = 4141 + -2449. Let p = i - 1135. Is p prime?
True
Is 5 - 10 - -2 - -410 composite?
True
Let g = 10 - 9. Is (247 + 4 + 0)/g composite?
False
Let q be ((-810)/(-24))/((-1)/244). Is (3 + -1)*q/(-54) a composite number?
True
Suppose 3*o = -3*p + 2*o + 819, -546 = -2*p - 2*o. Let f = -96 + p. Is f prime?
False
Let c(a) = 10*a + 1. Let n be c(-3). Let u = n - -30. Let y(v) = 1362*v - 1. Is y(u) a composite number?
False
Suppose 6*q - 5*q - 50 = 0. Let h(c) = -q*c + 1 + 4 - 3 + 3. Is h(-4) a prime number?
False
Let y be (-1)/3 - (-28)/3. Let j(q) be the first derivative of -q**4/4 + 11*q**3/3 + 5*q**2/2 + 4*q + 50. Is j(y) a prime number?
True
Suppose 147*m + 308 = 140*m. Suppose -b - 28 = 5*g, -3*b - g - 19 = g. Is m/(-8)*-2*b prime?
False
Let g = 51 - 15. Let p = g + 58. Is (-7 + 0)/((-2)/p) prime?
False
Suppose j - 410 = h, 4*j - 3*h + h = 1646. Suppose 0*y = y - j. Is y prime?
False
Suppose -4*b - 5 - 67 = 0. Let x be (-2542)/b - 8/36. Suppose 3*v = -0*v + x. Is v a prime number?
True
Let m(n) = -n**2 + 85*n + 35. Is m(37) prime?
True
Let p(n) = -44*n + 8. Let g(r) = 5. Let y(i) = 1. Let t(q) = g(q) - 4*y(q). Let s(x) = p(x) - 5*t(x). Is s(-5) a prime number?
True
Is (224/(-120))/14 + (-6334)/(-30) prime?
True
Let t(b) = -22*b - 17. Let m(q) = -q**3 - 24*q**2 + 26*q + 13. Let h be m(-25). Is t(h) prime?
False
Let r(q) = -q**3 - 6*q**2 - 6*q - 7. Let j be r(-5). Let i(c) = -6*c - 4. Let y(s) = 6*s + 5. Let a(b) = 4*i(b) + 3*y(b). Is a(j) a composite number?
False
Let g(h) = h**3 + 11*h**2 - 20*h + 21. Is g(13) a prime number?
False
Suppose 3*b - 3*x = -b + 45, -2*b = -4*x - 20. Suppose -b*a + 13666 = -12170. Is a composite?
False
Let w be -3 + (-16)/(-4 - 0). Is -22 + 20 - (w + -252) a prime number?
False
Let f(n) = -245*n + 524. Is f(-3) composite?
False
Suppose o + o + 1408 = 0. Let j be 44/(-2) - (0 + -1). Let u = j - o. Is u a composite number?
False
Let q be 280/88 - 4/22. Suppose 5*o + 426 = 2*j, 0*j + 661 = q*j - 2*o. Is j composite?
False
Let z(h) = 12*h**3 + 4*h**2 + 6*h + 3. Let w be z(5). Let s = -2781 + w. Is 1/(3 - (-3440)/s) composite?
True
Suppose -2867 = -2*i - 145. Is i prime?
True
Let i(u) = -u + 26. Let q(y) = -y + 13. Let o(w) = -3*i(w) + 5*q(w). Let t be o(-6). Is (1/(-1) - t) + 53 a composite number?
False
Let m = -12 + 16. Suppose 4*s + 4*f = -2456, -2472 = -2*s + 6*s - m*f. Let t = 863 + s. Is t a composite number?
True
Let j(t) = -t**3 + 23*t**2 - 11. Let m = -42 + 63. Is j(m) prime?
False
Suppose z + z - 6 = 0. Let a be ((-102)/9)/(z/(-9)). Let j = a + -9. Is j composite?
True
Let l(g) = -g + 8. Let c be l(4). Suppose -5755 = -c*m - m. Is m a prime number?
True
Suppose -a = 3*t - 16, 5*t - 40 = -4*a - 4. Suppose -614966 - 39754 = -t*w. Is (-2)/14 + w/140 prime?
False
Let o = -13 + 15. Suppose -o*v - 3196 = 2*v. Let t = v - -1125. Is t composite?
True
Let b(s) = -418*s - 40. Let m(h) = 836*h + 79. Let k(g) = 5*b(g) + 3*m(g). Is k(6) composite?
True
Suppose -3*z + 2*o = -1367, z - 6*z = 5*o - 2295. Let d = -43 + 136. Suppose r - 5*p = -p + d, -p = 4*r - z. Is r a prime number?
True
Suppose 0 = 3*q - 1812 - 7617. Is q prime?
False
Let w(t) = 8*t**2 + 15*t + 20. Is w(-23) composite?
False
Suppose 5*d - 7467 - 6113 = -5*y, 0 = -3*y - d + 8154. Is y a prime number?
True
Let c = -110326 + 212619. Is c a composite number?
False
Let w = 672 + -454. Is w a prime number?
False
Let d = -73 + 42. Let a = 27 + d. Is (1 - -1)/(a/(-398)) composite?
False
Let k be 8*((30/4)/5 - 1). Suppose 6548 = 4*u - 2*c, 2*c - k = 4. Is u composite?
True
Is 486/(-54) + (-86596)/(-1) a prime number?
True
Is (5 + -79369)/(-4)*1 composite?
False
Suppose -4*a = -538 - 1222. Suppose a = 4*d + 5*f, -4*d = -2*f + f - 464. Is d composite?
True
Let d(w) = w**2 - w - 9. Let m be d(4). Let k(i) = -m + 2 + 1 - 1 - 192*i. Is k(-1) prime?
True
Let p be (-49915)/(-25) - 6/(-15). Let q = -1264 + p. Is q prime?
True
Let v = -3 + 18. Let g be -24*(-1 + 5/v). Suppose -g = 4*j, -2*q = 5*j - 229 - 185. Is q composite?
True
Let j = -5890 + 13323. Is j prime?
True
Suppose -y + 14825 = 2*n - 15610, -5*n + 76086 = y. Is n a prime number?
True
Suppose -8916 = i + 13260. Is (-3)/(-5) + i/(-15) + -2 a prime number?
False
Suppose 0 = t + 2*a - 0*a, 3*t - 33 = 5*a. Suppose -t*s + 1219 = -371. Is s a prime number?
False
Let d(s) = -45*s - 10 + 17*s - 3 + 8. Suppose -4 + 1 = c. Is d(c) prime?
True
Suppose -2*f - 2607 = -4*g + 3*g, -3*g - 4*f + 7831 = 0. Is g a composite number?
False
Suppose -72*a - 71802 = -90*a. Is a composite?
False
Let d(u) = 20*u**2 + 7*u + 6. Let n be d(-5). Suppose -83*w + 85*w = 938. Suppose 5*c + h - n = -0*h, -5*c + h = -w. Is c a prime number?
False
Let j(o) = o - 10. Let u be j(7). Let i = u + 8. Suppose i*g - 2*g - 102 = 0. Is g a composite number?
True
Let q = 1866 - 1022. Suppose 4*n + 2*k - 8 = 0, -n + 2*k - 5*k = -2. Suppose -5*u + n*p + 694 = -361, -2*p + q = 4*u. Is u composite?
False
Suppose 0 = 4*r + z + 15, 2*r + z + 6 =